onvert 12 (base 16) to base 5.
33
What is -163 (base 10) in base 14?
-b9
8 (base 16) to base 7
11
-4 (base 6) to base 13
-4
20 (base 4) to base 5
13
0 (base 10) to base 5
0
What is -8 (base 10) in base 6?
-12
What is 6 (base 7) in base 16?
6
257 (base 10) to base 16
101
What is 10010010 (base 2) in base 5?
1041
Convert -6b (base 13) to base 5.
-324
What is 12 (base 4) in base 15?
6
Convert 44 (base 6) to base 4.
130
Convert 19b (base 16) to base 14.
215
Convert -b6 (base 13) to base 3.
-12112
What is 30 (base 14) in base 15?
2c
-11 (base 14) to base 10
-15
What is -25 (base 6) in base 16?
-11
What is -162 (base 9) in base 8?
-211
What is 1b (base 12) in base 16?
17
-10001011 (base 2) to base 12
-b7
What is 102011 (base 3) in base 14?
177
Convert 0 (base 16) to base 7.
0
Convert -34 (base 6) to base 14.
-18
What is -11 (base 2) in base 16?
-3
What is 2 (base 14) in base 8?
2
Convert 113 (base 12) to base 8.
237
Convert -8 (base 12) to base 3.
-22
What is -10102 (base 3) in base 14?
-68
-31 (base 15) to base 3
-1201
-125 (base 16) to base 12
-205
-4a (base 13) to base 8
-76
100 (base 3) to base 13
9
-4b (base 13) to base 10
-63
Convert 2011 (base 4) to base 12.
b1
Convert -3 (base 14) to base 8.
-3
What is 1 (base 10) in base 2?
1
-21 (base 3) to base 15
-7
What is -4 (base 12) in base 2?
-100
Convert -12 (base 6) to base 4.
-20
Convert 1 (base 3) to base 12.
1
What is 13 (base 11) in base 10?
14
Convert -21 (base 3) to base 10.
-7
What is -101 (base 5) in base 9?
-28
-4 (base 13) to base 2
-100
1021 (base 3) to base 8
42
What is 2020 (base 3) in base 13?
48
What is -1001 (base 2) in base 9?
-10
What is 0 (base 14) in base 2?
0
Convert 10 (base 13) to base 7.
16
Convert -4 (base 11) to base 5.
-4
27 (base 10) to base 2
11011
What is 1 (base 4) in base 5?
1
Convert -4 (base 13) to base 12.
-4
2 (base 6) to base 4
2
3231 (base 4) to base 14
12d
What is 12 (base 8) in base 16?
a
Convert -2 (base 4) to base 9.
-2
What is -1f (base 16) in base 14?
-23
24 (base 15) to base 7
46
-13 (base 9) to base 14
-c
Convert 144 (base 8) to base 7.
202
What is -2 (base 16) in base 15?
-2
What is -11 (base 11) in base 8?
-14
Convert 2 (base 16) to base 12.
2
What is -4b (base 14) in base 13?
-52
Convert 38 (base 10) to base 9.
42
What is 4 (base 5) in base 10?
4
-12 (base 7) to base 11
-9
Convert 121 (base 12) to base 13.
100
What is 2 (base 9) in base 2?
10
What is 69 (base 15) in base 8?
143
What is -4 (base 10) in base 16?
-4
What is 66 (base 13) in base 16?
54
What is 2 (base 4) in base 8?
2
-33 (base 7) to base 2
-11000
What is -107 (base 11) in base 7?
-242
What is -1000 (base 2) in base 5?
-13
Convert -1 (base 16) to base 2.
-1
What is -139 (base 11) in base 5?
-1123
Convert -e (base 16) to base 9.
-15
What is 4 (base 9) in base 13?
4
What is -3 (base 15) in base 3?
-10
122 (base 3) to base 13
14
Convert 0 (base 7) to base 8.
0
-3 (base 6) to base 13
-3
3d (base 14) to base 5
210
-17 (base 15) to base 9
-24
What is -5 (base 8) in base 10?
-5
-43 (base 5) to base 3
-212
What is -1 (base 9) in base 3?
-1
What is 210 (base 3) in base 7?
30
What is 0 (base 16) in base 2?
0
What is 3 (base 5) in base 2?
11
Convert 11212 (base 3) to base 16.
83
-1 (base 4) to base 12
-1
Convert -24 (base 6) to base 16.
-10
Convert -161 (base 13) to base 9.
-305
What is 10 (base 6) in base 4?
12
Convert -3 (base 7) to base 8.
-3
What is 10a (base 13) in base 7?
344
What is -1433 (base 5) in base 4?
-3303
-10 (base 6) to base 14
-6
30 (base 6) to base 3
200
What is 5 (base 9) in base 12?
5
-10 (base 3) to base 2
-11
-1 (base 5) to base 7
-1
What is -5 (base 10) in base 5?
-10
What is 0 (base 2) in base 12?
0
Convert 2 (base 3) to base 15.
2
100 (base 3) to base 10
9
18 (base 16) to base 14
1a
What is 98 (base 15) in base 9?
168
What is -6 (base 12) in base 3?
-20
What is 24 (base 7) in base 3?
200
What is 10 (base 7) in base 12?
7
What is 18 (base 9) in base 6?
25
What is -12 (base 3) in base 13?
-5
-1011 (base 5) to base 7
-245
3 (base 9) to base 11
3
-42 (base 10) to base 15
-2c
Convert -1 (base 3) to base 10.
-1
What is 21 (base 3) in base 5?
12
What is -3 (base 7) in base 3?
-10
What is -2 (base 7) in base 15?
-2
Convert 21 (base 14) to base 6.
45
-17 (base 14) to base 7
-30
Convert 0 (base 12) to base 14.
0
Convert -24 (base 14) to base 16.
-20
Convert 20 (base 15) to base 5.
110
-13 (base 6) to base 3
-100
Convert 22 (base 5) to base 8.
14
3 (base 10) to base 11
3
2d (base 15) to base 5
133
Convert -2 (base 12) to base 7.
-2
Convert -11 (base 2) to base 5.
-3
3 (base 7) to base 6
3
What is 130 (base 6) in base 8?
66
What is -75 (base 12) in base 3?
-10022
What is 165 (base 7) in base 8?
140
20 (base 8) to base 2
10000
Convert 54 (base 6) to base 11.
31
What is 1 (base 13) in base 11?
1
Convert -36 (base 10) to base 14.
-28
What is 22 (base 6) in base 8?
16
-5b (base 15) to base 12
-72
Convert -54 (base 13) to base 16.
-45
What is -21122 (base 3) in base 14?
-10a
-110 (base 3) to base 2
-1100
What is 3 (base 16) in base 7?
3
What is 74 (base 12) in base 10?
88
Convert 44 (base 13) to base 2.
111000
Convert 3f (base 16) to base 13.
4b
-11 (base 6) to base 8
-7
Convert -a3 (base 16) to base 10.
-163
What is 2 (base 3) in base 6?
2
0 (base 6) to base 9
0
What is 2 (base 4) in base 12?
2
What is -5 (base 16) in base 8?
-5
What is 153 (base 6) in base 8?
105
What is 2 (base 5) in base 12?
2
-1 (base 4) to base 13
-1
-1 (base 12) to base 4
-1
-16 (base 15) to base 7
-30
4 (base 11) to base 4
10
What is -8 (base 13) in base 8?
-10
What is 52 (base 8) in base 6?
110
Convert 412 (base 10) to base 15.
1c7
Convert -45 (base 8) to base 6.
-101
What is -122 (base 4) in base 12?
-22
Convert 7 (base 8) to base 2.
111
What is 24 (base 14) in base 6?
52
Convert -2 (base 7) to base 10.
-2
-1001100 (base 2) to base 16
-4c
f (base 16) to base 8
17
Convert -161 (base 9) to base 13.
-a6
61 (base 7) to base 10
43
What is 63 (base 16) in base 4?
1203
What is 31 (base 5) in base 14?
12
What is 11 (base 3) in base 15?
4
-100 (base 2) to base 7
-4
What is 92 (base 12) in base 10?
110
What is -11 (base 3) in base 8?
-4
What is 1311 (base 4) in base 10?
117
a9 (base 16) to base 14
c1
What is -7d (base 14) in base 9?
-133
-10 (base 3) to base 4
-3
What is 3 (base 14) in base 16?
3
-2 (base 15) to base 6
-2
Convert 433 (base 6) to base 11.
140
What is 20 (base 7) in base 12?
12
Convert -101 (base 12) to base 3.
-12101
What is -47 (base 13) in base 15?
-3e
Convert 0 (base 15) to base 8.
0
-13 (base 15) to base 7
-24
What is 7 (base 11) in base 12?
7
Convert -3 (base 6) to base 12.
-3
-4 (base 9) to base 8
-4
-3 (base 5) to base 8
-3
What is 14 (base 5) in base 10?
9
Convert -b3 (base 15) to base 4.
-2220
What is -1 (base 14) in base 8?
-1
What is 4 (base 8) in base 2?
100
-7 (base 9) to base 11
-7
6 (base 7) to base 16
6
What is b (base 16) in base 7?
14
What is 1 (base 9) in base 7?
1
2 (base 5) to base 9
2
Convert 2 (base 11) to base 2.
10
Convert 107 (base 8) to base 14.
51
Convert -2 (base 11) to base 9.
-2
Convert 2 (base 15) to base 5.
2
48 (base 16) to base 13
57
3 (base 14) to base 16
3
What is -140 (base 7) in base 3?
-2212
Convert 2 (base 16) to base 8.
2
Convert -412 (base 5) to base 9.
-128
What is -2 (base 4) in base 14?
-2
-10 (base 4) to base 15
-4
What is 1030 (base 5) in base 2?
10001100
What is -1c (base 14) in base 2?
-11010
What is 121 (base 16) in base 10?
289
Convert 122 (base 4) to base 7.
35
Convert 1 (base 5) to base 12.
1
Convert 13 (base 10) to base 5.
23
What is -6 (base 11) in base 5?
-11
Convert 25 (base 8) to base 10.
21
b (base 14) to base 7
14
Convert -26 (base 11) to base 8.
-34
11 (base 2) to base 13
3
What is 14 (base 8) in base 6?
20
Convert 4 (base 11) to base 15.
4
-2 (base 7) to base 5
-2
Convert 101001 (base 2) to base 6.
105
Convert -99 (base 15) to base 12.
-100
-c8 (base 14) to base 12
-128
What is -30 (base 13) in base 2?
-100111
What is -38 (base 15) in base 2?
-110101
Convert 2a3 (base 11) to base 16.
163
Convert -65 (base 7) to base 16.
-2f
Convert -3030 (base 5) to base 10.
-390
2 (base 12) to base 6
2
What is -3 (base 16) in base 2?
-11
Convert 20 (base 4) to base 13.
8
122 (base 4) to base 8
32
Convert -11100 (base 3) to base 8.
-165
Convert 0 (base 11) 